er when 2 is divided by z(-8)?
0
Suppose -h = 2*h - 9. Suppose 0 = -0*y - h*y. Suppose -6*d + 4*d + 92 = y. Calculate the remainder when d is divided by 16.
14
Suppose 2*f - 10 = 0, 2*r + 2*f = -2*f + 10. Let h be 2/((-33)/(-27) + -1). Let k = r + h. Calculate the remainder when k is divided by 3.
1
Calculate the remainder when 14/(-105) - (-767)/15 is divided by 18.
15
Let w(n) = -n**2 + 7*n + 7. Let k(d) = -d**2 + 8*d + 13. Let l be k(9). Suppose -l*g + 21 = -g. What is the remainder when w(g) is divided by 4?
3
Suppose -2*g = 4*j - 24, -5*g + 0*g = -2*j. Let x = g - -7. Suppose 2*o - 3*o = 2*q - 33, 3*o = -4*q + 67. What is the remainder when q is divided by x?
7
Let o(v) = v**3 - 3*v**2 + 2*v + 2. Let s be (-10)/5*3/(-2). Calculate the remainder when 13 is divided by o(s).
5
Suppose -h - 24 + 3 = 2*v, -5*v - 46 = -4*h. Let l = v - -22. Calculate the remainder when 35 is divided by l.
11
Suppose -a + 0*a + 26 = 4*m, 22 = a + 2*m. What is the remainder when 70 is divided by a?
16
Let h(v) = 4*v. Let k be h(6). Suppose 5*n - k = n. Let m(w) = w - 2. What is the remainder when m(n) is divided by 3?
1
Suppose t = -3*t + 56. Suppose -48 = -2*u - t. Calculate the remainder when u is divided by 6.
5
Let x = -19 + 31. Let d(i) = -i**2 + i - 134. Let v be d(0). What is the remainder when v/(-4) + (-1)/(-2) is divided by x?
10
Let j be (-3)/15*-12*-5. Let y be (-39)/j - 1/4. Suppose -4*f - 4*c = -76, 7*f - y*f = -3*c + 75. Calculate the remainder when 52 is divided by f.
16
Let u(k) = -2*k + 21. Let o(r) = r**2 - r. Let h be o(0). Calculate the remainder when 41 is divided by u(h).
20
Let b(y) = -y**3 - y**2 - y - 1. What is the remainder when b(-4) is divided by 13?
12
Suppose -49 = -i + 2*q, -i - 2*q = -24 - 25. Calculate the remainder when i is divided by 17.
15
Let y(l) = 2*l + 13. Let c be (-36)/10 - (-4)/(-10). Let i = 7 - c. What is the remainder when y(9) is divided by i?
9
Let s = -11 - -11. Let b(z) = 2*z**2 - 4*z. Calculate the remainder when 4 + 6 + (s - -1) is divided by b(3).
5
What is the remainder when ((-3)/4)/((-3)/84) is divided by 8?
5
Let z(k) = -k**3 - 6*k**2 - 11*k - 17. Calculate the remainder when z(-6) is divided by 19.
11
Let y(h) = h + 1. Let g(i) = i + 3. Let s(u) = g(u) - 2*y(u). Calculate the remainder when s(-6) is divided by 3.
1
Suppose -52 = -3*d - 148. Let z(y) = y**2 - y + 71. Calculate the remainder when z(0) is divided by (-584)/d - (-2)/(-8).
17
Let n be (3 - (-9)/(-3)) + -1. What is the remainder when 11 is divided by n + 6*(-6)/(-9)?
2
Let t = 58 + -16. Let m be (3/4)/(2/8). Suppose -m*v + 3*i = -81, -4*v - i + 3*i + 98 = 0. Calculate the remainder when t is divided by v.
20
Suppose -3*j + 13 + 50 = 0. Calculate the remainder when 83 is divided by j.
20
Let c = 10 - 8. Suppose c = a - 12. What is the remainder when a is divided by (-7)/(-1 - 0) - -1?
6
Suppose -5*m - 157 = -3*f, -m = -4*f + 2*m + 224. Suppose 4*y + 3*r - 66 = 0, -4*y - r + 2*r + 58 = 0. What is the remainder when f is divided by y?
14
Let j = -1 - -3. Let b = -59 - -74. What is the remainder when (4 - 0)/(j/22) is divided by b?
14
Suppose 0 = -4*f - 20 - 12. Let y = 28 + f. What is the remainder when y is divided by 11?
9
Suppose j - 2*j = -4. Suppose 0*s - 168 = -j*s. Suppose 4*w = 38 + s. What is the remainder when w is divided by 7?
6
Calculate the remainder when 34 + 2 - (6/3)/(-1) is divided by 13.
12
Suppose 0 = r + 3*r - 4. What is the remainder when (-1)/(-3)*30/5 is divided by r?
0
Let z = 75 + -47. What is the remainder when z is divided by 16?
12
Let x = 54 + -28. Suppose 3*k - 58 = -5*q, 3*q + k = -3*k + x. What is the remainder when 55 is divided by q?
13
Suppose -4*b + 4 = -4. Suppose 3*i - 46 - b = 0. What is the remainder when (-1)/(-4) + 915/20 is divided by i?
14
Let s = -17 + 24. What is the remainder when 34 is divided by s?
6
What is the remainder when -2 - (-4 + (-66)/(-15))*-110 is divided by 9?
6
Calculate the remainder when 6 is divided by (-20)/(-4 - 0) + -1.
2
Suppose 4*d - a = 169, 6*a + 15 = 3*a. Let r = 18 + -4. What is the remainder when d is divided by r?
13
Let q(n) = n**3 - 4*n**2 + n - 1. Let h be q(4). Let v = -9 + 5. Let k = h - v. Calculate the remainder when 12 is divided by k.
5
What is the remainder when 0 - (0/(-2) - 57) is divided by 20?
17
Let w(r) = -r**2 + 5*r + 7. Suppose f - 3*f + c + 2 = 0, c = 0. Suppose 3*h = 58 - f. Calculate the remainder when h is divided by w(5).
5
Suppose -5*v - 41 = -2*s, -3*s = -4*v + 3*v - 94. Suppose -3*x + 28 = p, -s = -2*p + 2*x + 15. Calculate the remainder when p is divided by 13.
12
Suppose -3*j = -5*j + 12. Suppose c = j*c. Suppose -5*o = -5*b - 15, 2*b - o + 2 = -c*b. What is the remainder when 1 is divided by b?
0
Let t(z) = z**3 - 5*z**2 - 3*z + 3. Let x(f) = -5*f + 1. Let k be x(-1). Calculate the remainder when t(k) is divided by 11.
10
Let z(i) = 2*i**2 - 4*i - 2. Let q = -4 - -8. Calculate the remainder when 39 is divided by z(q).
11
Suppose -10 = -z - v, -22 = -2*z - v - 0*v. What is the remainder when 23 is divided by z?
11
Suppose -4*s - o - 2*o = 9, -2*s - 9 = -3*o. What is the remainder when (-1)/(s/186*1) is divided by 21?
20
Suppose -2*y + 5*y - 234 = 0. What is the remainder when y is divided by 20?
18
Let w = 30 + -19. Let c(o) = o**3 + 9*o**2 - 11*o + 10. What is the remainder when c(-10) is divided by w?
9
Suppose -15*b + 17*b - 30 = 0. Let d = 39 + -13. What is the remainder when d is divided by b?
11
Suppose -5*t = -3*s + s + 36, s = -t + 18. What is the remainder when s is divided by 7?
4
Let f(z) = 30*z + 1. Calculate the remainder when f(1) is divided by 16.
15
Let k = 8 + 15. Let j = 18 + -6. What is the remainder when k is divided by j?
11
Suppose -4 = -3*r + r. Let a(q) = 17*q + 1. What is the remainder when a(r) is divided by (-58)/(-5) + (-6)/(-15)?
11
Let d = 105 - 94. Calculate the remainder when 54 is divided by d.
10
Let i = 97 + -52. Calculate the remainder when 88 is divided by i.
43
What is the remainder when 55 is divided by (-3)/(5/((-70)/3))?
13
Let s(q) = -q - 4 - 1 + 6. Let b be s(-1). What is the remainder when 34 is divided by (-75)/(-6) - b/4?
10
Let j(x) = -4*x + 1. Suppose 3*n + 10 = -2*n. What is the remainder when (-12)/3 + -6 + 26 is divided by j(n)?
7
Suppose -4*a = -12, -a - 115 = 3*d - 40. Let u = -15 - d. What is the remainder when 21 is divided by u?
10
Suppose 4*s = -s + 105. Calculate the remainder when 40 is divided by s.
19
Let x(s) = -5*s - 2. Let h be x(-6). Let j = h - 17. What is the remainder when 42 is divided by j?
9
Let m = 49 - 12. Calculate the remainder when m is divided by 10.
7
What is the remainder when (2/3)/((-4)/(-354)) is divided by 20?
19
Let k(l) = -l + 14. Let n be k(12). Let c(m) = m**3 + 1 + 2*m - m**2 + 0*m**2 - 5*m**n. Calculate the remainder when 38 is divided by c(6).
12
Let m(s) = -s**2 + 13*s + 11. Calculate the remainder when 43 is divided by m(12).
20
Suppose 5*k + 2*t = 147, -4*k = 4*t + 21 - 141. Calculate the remainder when k is divided by 16.
13
Let n = -71 - -116. Let b = 86 - n. What is the remainder when b is divided by 14?
13
Suppose 5*v + 41 = 2*g, -2 + 12 = -2*v. Let x(a) = 2*a**2 - 5*a - 7. Calculate the remainder when x(g) is divided by 28.
25
Let m = -257 - -443. What is the remainder when m is divided by 38?
34
Let h(p) = 6*p - 3. Let c be h(3). Suppose -5*f = -0*f - c. What is the remainder when 15*(3/5 + 0) is divided by f?
0
Let r(s) = -2*s + 2. Let d be r(2). What is the remainder when 6 is divided by (-12)/6*d*1?
2
Let k(y) = 2*y - 8. What is the remainder when 3 is divided by k(5)?
1
Let r(l) = -l**3 + 10*l**2 + 2*l. Calculate the remainder when 39 is divided by r(10).
19
Let s be (-2)/(-11) - 1398/66. Let u = -13 - s. Calculate the remainder when u is divided by 3.
2
Suppose 3*o - 111 = d + 2*d, -2*o + 62 = 4*d. Calculate the remainder when 68 is divided by o.
33
Suppose 0 = -4*v - 4*z + 1337 - 553, 4*v = z + 799. What is the remainder when v is divided by 40?
39
Suppose -5*t = -4*s + 48, 5*s - s - 2*t - 60 = 0. What is the remainder when s is divided by 5?
2
What is the remainder when (-3)/(-21) - 396/(-21) is divided by 5?
4
What is the remainder when 1/(-3 - 280/(-92)) is divided by 12?
11
Let h = 30 - 2. Calculate the remainder when 111 is divid